-2522. Suppose 0 = 3*d - 0 - 6. Suppose 4*p + 8 = 0, 2*i + d*p = 3*i - 263. What is the highest common divisor of f and i?
37
Let c = -1368 + 1403. What is the greatest common factor of c and 6580?
35
Let b = -168 - -268. Suppose 8*u + 422*u - 1850 = -130. Calculate the highest common divisor of u and b.
4
Let x(k) be the first derivative of k**3/3 + 25*k**2/2 + 10*k + 51. Let h be x(-19). Let y = -38 - h. Calculate the greatest common divisor of 11 and y.
11
Suppose -2*w = -6*w - 3*k + 16, 3*k = 4*w - 16. Suppose -3*b - 8 + 0 = 4*o, -11 = -3*o + 2*b. Calculate the highest common divisor of o and w.
1
Suppose -297 = -4*z - 3*u - 277, -4*z - 4*u = -20. Let m be 2*-2*117/(-12). Suppose 109 - m = 2*y. Calculate the highest common divisor of y and z.
5
Let w(m) = 8*m - 32. Suppose -2*v - 6*l + 2*l + 12 = 0, 2*l = 5*v - 66. Let n be w(v). Calculate the highest common factor of n and 352.
32
Suppose 27*l - 13*l = 112. Suppose 5 - 1 = 2*n. Calculate the highest common factor of l and n.
2
Let r = -462 - -464. Suppose -2*d - 1 = -5*a, -6 = -3*a - 4*d + 5. Let u be a/(-6) - (-425)/30. Calculate the highest common divisor of u and r.
2
Suppose -13865 - 99577 = -21*g. What is the highest common divisor of g and 148?
74
Let k(i) = 259*i**2 - 1. Let v be k(-1). Suppose -7*n - 415 + 493 = 1149. Let z = v + n. What is the greatest common factor of 42 and z?
21
Suppose -2*n + 54 = -n. Let x be (4 - 5 - 2)/2*-118. Let y = x - 171. Calculate the highest common divisor of y and n.
6
Let m = 1900 + -1732. Calculate the greatest common divisor of 357 and m.
21
Let k = -2463 + 2625. Calculate the highest common factor of k and 2.
2
Let g(i) = 35*i + 511. Let q be g(-8). What is the highest common factor of 539 and q?
77
Suppose 31*s = -31*s + 2046. Calculate the highest common divisor of 2211 and s.
33
Let c(o) = o**2 + 7*o - 15. Let f be c(12). Let k = f + -198. Let t = 185 + -80. What is the highest common factor of t and k?
15
Suppose 4*b = 130*b - 377 - 6175. Calculate the highest common factor of 650 and b.
26
Suppose -10*z = -8*z - 46. Suppose z = 5*w - 17. Suppose 11*t - 115 = 149. Calculate the greatest common divisor of t and w.
8
Let m = 2074 + -1534. What is the highest common factor of 1755 and m?
135
Suppose -66 = -9*l - 2*l. Suppose 0 = -6*h + 117 + 189. Calculate the highest common divisor of h and l.
3
Let q = -2550 - -2610. Suppose -35 = -4*w + 25. What is the greatest common divisor of q and w?
15
Suppose 35*o - 30*o = 35, 4*o = 3*n - 3434. Calculate the greatest common divisor of n and 2.
2
Let l be (-44)/(-66) + -209*(-2)/3. Suppose 0 = -29*n + 9*n + l. What is the greatest common factor of n and 189?
7
Suppose 54 = 5*z - 51. Let j be (-494)/(-26) - 1*-2. Calculate the greatest common factor of j and z.
21
Suppose -493*y + 459*y = -2720. Calculate the greatest common divisor of y and 3440.
80
Let a(k) = -2*k**2 - 119*k + 1327. Let b be a(-69). What is the greatest common factor of 1448 and b?
8
Suppose 4*k - 1173 = s, -5312*s - 844 = -3*k - 5314*s. Let g = 231 + -57. Calculate the highest common divisor of k and g.
58
Suppose 2*s - 2*q - 24 = 20, 80 = 4*s - 2*q. What is the highest common divisor of s and 3312?
18
Let t = 37 + -9. Let o be (-119)/t - 6/8. Let c(b) = -b + 3. Let z be c(o). What is the greatest common factor of z and 20?
4
Let q be (-669492)/(-621) + 22/(-253). What is the greatest common divisor of q and 3724?
98
Suppose -4*r = -3*q + 10043, q + 55*r - 50*r - 3316 = 0. What is the greatest common factor of q and 2056?
257
Let i(j) = -363*j + 1139. Let k be i(3). What is the greatest common divisor of k and 400?
50
Suppose a + 363 = 4*a. Suppose -90*q + i + 32 = -87*q, 2*q = -4*i + 26. Calculate the greatest common divisor of a and q.
11
Suppose 295*l - 88*l - 27324 = 0. What is the highest common factor of l and 111?
3
Let d(j) = -2*j**3 - 52*j**2 - 49*j - 9. Let b be d(-25). Let l be (-33 - b) + (-88 + -1)/(-1). Calculate the greatest common divisor of 54 and l.
18
Let z = 28595 - 28487. Suppose -145 = -x - 4*x. Suppose -5*p + 4*o = -127, o = p + 2*o - x. Calculate the highest common divisor of p and z.
27
Let t = -23 - -27. Suppose -y - m = -19, -4*y - y + 93 = t*m. Suppose -677*d - 459 = -686*d. Calculate the greatest common divisor of d and y.
17
Let n(a) = 271*a**2 - 144*a + 1022. Let m be n(7). What is the greatest common factor of 126 and m?
63
Let a be ((40/30)/4)/(903/180 - 5). What is the highest common factor of a and 990?
10
Let n = -10 + 3. Let c = -5 - n. Let m be 0 - ((-1)/1 - (-37 + 39)). Calculate the greatest common factor of c and m.
1
Let f be (-3)/(-18)*-8*(3780/(-112) + 12). Let j be (-2 + -12)*29/(-2). Calculate the highest common factor of f and j.
29
Let v be 5*3 - 19/(399/126). Calculate the highest common divisor of v and 1557.
9
Let s = -92 - -90. Let y be (-2795)/(-86) - 1/s. Calculate the greatest common factor of y and 132.
33
Let k = 453 + -442. Suppose k*g + 532 = 18*g. Calculate the greatest common factor of 608 and g.
76
Let n be ((-398)/(-3))/((-10)/(-15)). Let i = -121 + n. What is the greatest common divisor of 208 and i?
26
Let l = 270 + -170. Let x be 792/48*80/22. Calculate the highest common factor of x and l.
20
Let m be 0*-3*7/21. Suppose m = -3*y - 3, 4*v - y - 2253 = -4*y. Calculate the highest common divisor of 12 and v.
12
Suppose 987 = 3*w + 3*b, w + w - 642 = 2*b. Suppose 0 = 22*u - 1808 + 1522. Calculate the highest common divisor of u and w.
13
Let l(q) = 3*q - 19. Let f be l(15). Suppose f - 35 = -j. Let u be (-7 - -4) + 3/(j/39). What is the highest common factor of 25 and u?
5
Let z(s) = -s**2 - 43*s - 286. Let a be z(-13). What is the greatest common factor of 104 and a?
104
Let p(f) = -2*f**3 + 16*f**2 - 13*f + 9. Let j be p(7). Let c(r) = -12*r + 2. Let k be c(5). Let d = k - -98. Calculate the greatest common divisor of d and j.
8
Let b = 26 - 38. Let h be 50/12 - (46/b + 4). Suppose -5*o = -2*u - 356, 143 = -2*o + h*o - u. What is the greatest common divisor of o and 20?
10
Suppose -b = 7*b - 29 - 3. Calculate the greatest common factor of 133 and b.
1
Let t be (-6)/(-4) + 2/4. Suppose -i + 6 = 6. Let q be i + 44/6 - (-30)/45. What is the greatest common divisor of q and t?
2
Let n = 15 + 57. Suppose n = -w + 5*w. Suppose -2*t + 265 = 157. Calculate the greatest common divisor of w and t.
18
Suppose 4*j + 4918 = 3*b + 8*j, -2*b + 3279 = 3*j. Calculate the highest common divisor of 252 and b.
126
Let k be (-64)/(14/(-4) + 3). Let h = 8590 - 8494. Calculate the highest common factor of h and k.
32
Let k = -75 + 87. Let x be (k/(-10))/(18/(-1740)). Let r = x - 76. What is the greatest common divisor of 240 and r?
40
Let b = 3507 + -3495. What is the highest common divisor of 32 and b?
4
Suppose -6*h - 2*x = -5*h + 40, 3*h + 5*x = -118. Let w be (2 - (-8)/6)*h/(-30). Let t be (-243)/(-12) - 1/4. What is the highest common factor of w and t?
4
Suppose 3*p - 2*x = 4*p + 17, -137 = 5*p - 3*x. Let g be (-144)/(-30) + (-5)/p. Calculate the highest common factor of 1 and g.
1
Suppose 6*c + 118 = a, c = -3 + 10. What is the greatest common divisor of a and 472?
8
Let a(f) = -f**3 - 70*f**2 - 10*f - 133. Let u be a(-70). What is the highest common factor of 84 and u?
21
Let u be 136/68 - (-5 - (-1 + 1)). Calculate the greatest common divisor of 1001 and u.
7
Let q be (-58)/((-10)/(-45)*(148/(-16) - -7)). What is the greatest common factor of q and 4408?
116
Suppose 367 = 2*n + 3*l, -4*n + 176*l - 178*l + 738 = 0. Calculate the highest common factor of n and 30.
5
Suppose -l + 5*u + 1072 = l, 4*u - 1090 = -2*l. Suppose -53 = -18*o + l. Calculate the greatest common divisor of o and 253.
11
Let d be 8/(-52) + 380/(-65). Let m(p) = -3*p + 18. Let n be m(d). What is the highest common divisor of 126 and n?
18
Let l be 10/(-1) - (-4)/20*0. Let b be 115/1 - (l + 10). What is the highest common divisor of b and 46?
23
Let g = 79 + -132. Let d = 47 + g. Let h be (-3)/((-99)/d) - 4232/(-44). What is the highest common factor of 24 and h?
24
Let s(i) = -i**3 - 83*i - 250. Let c be s(-3). Let d = 457 + -197. What is the highest common divisor of c and d?
26
Let l = 43 + -62. Let w = -19 - l. Suppose -1 = -d - w. Calculate the highest common factor of 3 and d.
1
Let p = -33 + 32. Let i be 